{"id":330,"date":"2020-12-30T22:33:58","date_gmt":"2020-12-30T21:33:58","guid":{"rendered":"https:\/\/bp-businesscoach.com\/?page_id=330"},"modified":"2021-04-06T16:37:15","modified_gmt":"2021-04-06T14:37:15","slug":"a-propos","status":"publish","type":"page","link":"https:\/\/bp-businesscoach.com\/index.php\/a-propos\/","title":{"rendered":"\u00c0 propos"},"content":{"rendered":"<p>[et_pb_section fb_built=\u00a0\u00bb1&Prime; fullwidth=\u00a0\u00bbon\u00a0\u00bb _builder_version=\u00a0\u00bb4.7.7&Prime; _module_preset=\u00a0\u00bbdefault\u00a0\u00bb width=\u00a0\u00bb100%\u00a0\u00bb max_width=\u00a0\u00bb100%\u00a0\u00bb animation_style=\u00a0\u00bbzoom\u00a0\u00bb][et_pb_fullwidth_header title=\u00a0\u00bb\u00c0 PROPOS\u00a0\u00bb image_orientation=\u00a0\u00bbbottom\u00a0\u00bb _builder_version=\u00a0\u00bb4.7.7&Prime; _module_preset=\u00a0\u00bbf49d8196-d4cf-4e38-98cb-0af046ff8eb3&Prime; title_font=\u00a0\u00bbMontserrat|700|||||||\u00a0\u00bb title_font_size=\u00a0\u00bb35px\u00a0\u00bb title_line_height=\u00a0\u00bb1.2em\u00a0\u00bb background_image=\u00a0\u00bbhttps:\/\/bp-businesscoach.com\/wp-content\/uploads\/2021\/04\/20170505_1415050.jpg\u00a0\u00bb parallax=\u00a0\u00bbon\u00a0\u00bb button_one_font=\u00a0\u00bbMontserrat|600|||||||\u00a0\u00bb module_alignment=\u00a0\u00bbcenter\u00a0\u00bb custom_padding=\u00a0\u00bb0px||0px|||\u00a0\u00bb child_mix_blend_mode=\u00a0\u00bbhard-light\u00a0\u00bb animation_style=\u00a0\u00bbnone\u00a0\u00bb]<\/p>\n<h3><\/h3>\n<h3><\/h3>\n<h3><\/h3>\n<h3>Pour <strong>se projeter<\/strong>, il faut <strong>se connaitre<\/strong>. Il est donc venu, <strong>le temps des pr\u00e9sentations<\/strong>.<\/h3>\n<p>[\/et_pb_fullwidth_header][\/et_pb_section][et_pb_section fb_built=\u00a0\u00bb1&Prime; _builder_version=\u00a0\u00bb4.7.7&Prime; _module_preset=\u00a0\u00bbdefault\u00a0\u00bb background_color=\u00a0\u00bb#474747&Prime;][et_pb_row _builder_version=\u00a0\u00bb4.7.7&Prime; _module_preset=\u00a0\u00bbdefault\u00a0\u00bb custom_margin=\u00a0\u00bb|auto||auto|false|false\u00a0\u00bb custom_padding=\u00a0\u00bb|||0px|false|false\u00a0\u00bb][et_pb_column type=\u00a0\u00bb4_4&Prime; _builder_version=\u00a0\u00bb4.7.7&Prime; _module_preset=\u00a0\u00bbdefault\u00a0\u00bb][et_pb_text _builder_version=\u00a0\u00bb4.7.7&Prime; _module_preset=\u00a0\u00bbdefault\u00a0\u00bb text_font_size=\u00a0\u00bb8px\u00a0\u00bb text_line_height=\u00a0\u00bb1.5em\u00a0\u00bb background_color=\u00a0\u00bb#00208a\u00a0\u00bb background_color_gradient_direction=\u00a0\u00bb325deg\u00a0\u00bb transform_scale=\u00a0\u00bb123%|123%\u00a0\u00bb background_layout=\u00a0\u00bbdark\u00a0\u00bb width=\u00a0\u00bb100%\u00a0\u00bb custom_margin=\u00a0\u00bb26px|-81px||||\u00a0\u00bb custom_padding=\u00a0\u00bb27px|56px|42px|65px||\u00a0\u00bb text_text_shadow_color=\u00a0\u00bbrgba(0,0,0,0)\u00a0\u00bb border_radii=\u00a0\u00bbon|64px|64px|64px|64px\u00a0\u00bb]<\/p>\n<h2 style=\"text-align: center;\"><span style=\"font-size: xx-large;\">MON PARCOURS PROFESSIONNELS<\/span><\/h2>\n<p><span style=\"font-size: xx-large;\"><\/span><\/p>\n<p><span style=\"font-size: xx-large;\"><\/span><\/p>\n<h3><span style=\"font-weight: 400; font-size: large;\">Mon parcours professionnel de vingt et une ann\u00e9es dans diff\u00e9rentes enseignes internationales de la distribution t\u00e9moigne de mes performances r\u00e9alis\u00e9es avec les \u00e9quipes et pour les \u00e9quipes.<\/span><\/h3>\n<h3><span style=\"font-weight: 400; font-size: large;\">Je ma\u00eetrise le management et l\u2019accompagnement d\u2019\u00e9quipes cadres et non cadres (aux postes de Chef de rayon, Directeur de magasin, Directeur r\u00e9gional op\u00e9rations, Directeur national des ventes, Acheteur, Responsable ressources humaines et Responsable formation).<\/span><\/h3>\n<h3><span style=\"font-weight: 400; font-size: large;\">Treize ann\u00e9es dans le coaching professionnel et la formation.<\/span><\/h3>\n<h3><span style=\"font-weight: 400; font-size: large;\">Depuis 2008 je r\u00e9alise la conception p\u00e9dagogique et l\u2019animation de formations en management, communication, d\u00e9veloppement personnel, organisation du travail, n\u00e9gociation et techniques de vente.<\/span><\/h3>\n<h3 style=\"text-align: center;\"><\/h3>\n<p>[\/et_pb_text][\/et_pb_column][\/et_pb_row][et_pb_row column_structure=\u00a0\u00bb3_4,1_4&Prime; _builder_version=\u00a0\u00bb4.7.7&Prime; _module_preset=\u00a0\u00bbdefault\u00a0\u00bb custom_margin=\u00a0\u00bb151px|auto||auto|false|false\u00a0\u00bb custom_padding=\u00a0\u00bb71px|0px||0px|false|false\u00a0\u00bb][et_pb_column type=\u00a0\u00bb3_4&Prime; _builder_version=\u00a0\u00bb4.7.7&Prime; _module_preset=\u00a0\u00bbdefault\u00a0\u00bb][et_pb_text _builder_version=\u00a0\u00bb4.7.7&Prime; _module_preset=\u00a0\u00bbdefault\u00a0\u00bb text_font_size=\u00a0\u00bb8px\u00a0\u00bb text_line_height=\u00a0\u00bb1.5em\u00a0\u00bb background_color=\u00a0\u00bb#00208a\u00a0\u00bb background_color_gradient_direction=\u00a0\u00bb325deg\u00a0\u00bb transform_scale=\u00a0\u00bb123%|123%\u00a0\u00bb background_layout=\u00a0\u00bbdark\u00a0\u00bb width=\u00a0\u00bb100%\u00a0\u00bb min_height=\u00a0\u00bb384px\u00a0\u00bb custom_margin=\u00a0\u00bb26px|||||\u00a0\u00bb custom_padding=\u00a0\u00bb27px|23px|0px|37px||\u00a0\u00bb text_text_shadow_color=\u00a0\u00bbrgba(0,0,0,0)\u00a0\u00bb border_radii=\u00a0\u00bbon|64px|64px|64px|64px\u00a0\u00bb]<\/p>\n<h2 style=\"text-align: center;\"><span style=\"font-size: xx-large;\">DIPL\u00d4MES ET CERTIFICATIONS<\/span><\/h2>\n<p><span style=\"font-size: xx-large;\"><\/span><\/p>\n<p><span style=\"font-size: xx-large;\"><\/span><\/p>\n<p><span style=\"font-size: xx-large;\"><\/span><\/p>\n<h3 style=\"text-align: center;\"><span style=\"font-weight: 400;\">Bts Chef de rayon Grande Distribution 1986<\/span><\/h3>\n<h3 style=\"text-align: center;\"><span style=\"font-weight: 400;\"><\/span><\/h3>\n<h3 style=\"text-align: center;\"><span style=\"font-weight: 400;\"><\/span><\/h3>\n<h3 style=\"text-align: center;\"><span style=\"font-weight: 400;\">Master II ESC Bordeaux Ecole de Management<\/span><\/h3>\n<p><span style=\"font-weight: 400;\"><\/span><\/p>\n<p><span style=\"font-weight: 400;\"><\/span><\/p>\n<p><span style=\"font-weight: 400;\"><\/span><\/p>\n<h3 style=\"text-align: center;\"><span style=\"font-weight: 400;\"> (VAE) 2006 &#8211; Certification Master Coach Professionnel ICICoach (Alain Cayrol) 2007<\/span><\/h3>\n<p><span style=\"font-weight: 400;\"><\/span><\/p>\n<p><span style=\"font-weight: 400;\"><\/span><\/p>\n<p><span style=\"font-weight: 400;\"><\/span><\/p>\n<p><span style=\"font-weight: 400;\"><\/span><\/p>\n<h3 style=\"text-align: center;\"><span style=\"font-weight: 400;\">Praticien Programmation Neuro Linguistique (EFPNL) 2019<\/span><\/h3>\n<p><span style=\"font-weight: 400;\"><\/span><\/p>\n<p><span style=\"font-weight: 400;\"><\/span><\/p>\n<h3 style=\"text-align: center;\"><span style=\"font-weight: 400;\"><\/span><\/h3>\n<h3 style=\"text-align: center;\"><span style=\"font-weight: 400;\">Certifi\u00e9 Praticien Investigation<\/span><\/h3>\n<p><span style=\"font-weight: 400;\"><\/span><\/p>\n<p><span style=\"font-weight: 400;\"><\/span><\/p>\n<p><span style=\"font-weight: 400;\"><\/span><\/p>\n<p><span style=\"font-weight: 400;\"><\/span><\/p>\n<h3 style=\"text-align: center;\"><span style=\"font-size: 22px;\">Appr\u00e9ciative ICICoach 2008 &#8211; R\u00e9f\u00e9renc\u00e9 Datadock<\/span><br \/> <span style=\"font-weight: 400;\"><\/span><\/h3>\n<p><span style=\"font-size: 22px;\"><\/span><\/p>\n<p><span style=\"font-size: 22px;\"><\/span><\/p>\n<p><span style=\"font-size: 22px;\"><\/span><\/p>\n<p><span style=\"font-size: 22px;\"><\/span><\/p>\n<p>[\/et_pb_text][\/et_pb_column][et_pb_column type=\u00a0\u00bb1_4&Prime; _builder_version=\u00a0\u00bb4.7.7&Prime; _module_preset=\u00a0\u00bbdefault\u00a0\u00bb][et_pb_image src=\u00a0\u00bbhttps:\/\/bp-businesscoach.com\/wp-content\/uploads\/2020\/12\/Picto_datadocke.jpg\u00a0\u00bb title_text=\u00a0\u00bbPicto_datadocke\u00a0\u00bb align=\u00a0\u00bbcenter\u00a0\u00bb _builder_version=\u00a0\u00bb4.7.7&Prime; _module_preset=\u00a0\u00bbdefault\u00a0\u00bb transform_translate=\u00a0\u00bb122px|116px\u00a0\u00bb transform_translate_linked=\u00a0\u00bboff\u00a0\u00bb width=\u00a0\u00bb90%\u00a0\u00bb max_width=\u00a0\u00bb90%\u00a0\u00bb module_alignment=\u00a0\u00bbcenter\u00a0\u00bb custom_margin=\u00a0\u00bb|0px||0px|false|false\u00a0\u00bb custom_padding=\u00a0\u00bb|0px||0px|false|false\u00a0\u00bb][\/et_pb_image][\/et_pb_column][\/et_pb_row][\/et_pb_section][et_pb_section fb_built=\u00a0\u00bb1&Prime; _builder_version=\u00a0\u00bb4.7.7&Prime; _module_preset=\u00a0\u00bbdefault\u00a0\u00bb background_color=\u00a0\u00bb#474747&Prime; custom_padding=\u00a0\u00bb76px|||||\u00a0\u00bb][et_pb_row _builder_version=\u00a0\u00bb4.7.7&Prime; _module_preset=\u00a0\u00bbdefault\u00a0\u00bb][et_pb_column type=\u00a0\u00bb4_4&Prime; _builder_version=\u00a0\u00bb4.7.7&Prime; _module_preset=\u00a0\u00bbdefault\u00a0\u00bb][et_pb_text _builder_version=\u00a0\u00bb4.7.7&Prime; _module_preset=\u00a0\u00bbdefault\u00a0\u00bb text_text_color=\u00a0\u00bb#0400f0&Prime; text_font_size=\u00a0\u00bb10px\u00a0\u00bb header_font_size=\u00a0\u00bb26px\u00a0\u00bb header_5_text_color=\u00a0\u00bb#ffffff\u00a0\u00bb transform_scale=\u00a0\u00bb300%|300%\u00a0\u00bb background_layout=\u00a0\u00bbdark\u00a0\u00bb text_text_shadow_color=\u00a0\u00bbrgba(0,0,0,0)\u00a0\u00bb]<\/p>\n<p style=\"text-align: center;\"><span style=\"color: #99ccff;\"><strong>\u00a0\u00ab\u00a0Citius, Altius, Fortius\u00a0\u00bb<\/strong><\/span><\/p>\n<p>[\/et_pb_text][\/et_pb_column][\/et_pb_row][et_pb_row _builder_version=\u00a0\u00bb4.7.7&Prime; _module_preset=\u00a0\u00bbdefault\u00a0\u00bb][et_pb_column type=\u00a0\u00bb4_4&Prime; _builder_version=\u00a0\u00bb4.7.7&Prime; _module_preset=\u00a0\u00bbdefault\u00a0\u00bb][et_pb_text _builder_version=\u00a0\u00bb4.7.7&Prime; _module_preset=\u00a0\u00bbdefault\u00a0\u00bb text_font_size=\u00a0\u00bb38px\u00a0\u00bb text_line_height=\u00a0\u00bb2em\u00a0\u00bb header_line_height=\u00a0\u00bb1.5em\u00a0\u00bb header_5_font=\u00a0\u00bb||||||||\u00a0\u00bb header_5_font_size=\u00a0\u00bb29px\u00a0\u00bb header_5_line_height=\u00a0\u00bb1.1em\u00a0\u00bb text_orientation=\u00a0\u00bbcenter\u00a0\u00bb background_layout=\u00a0\u00bbdark\u00a0\u00bb custom_margin=\u00a0\u00bb||78px|||\u00a0\u00bb text_text_shadow_color=\u00a0\u00bbrgba(0,0,0,0)\u00a0\u00bb]<\/p>\n<h5><span style=\"font-weight: 400; font-size: x-large;\">Cette devise olympique repr\u00e9sente <strong>mon aspiration<\/strong> \u00e0 vous amener \u00e0 <strong>obtenir la meilleure performance<\/strong>, <strong>au meilleur<\/strong><\/span><span style=\"font-weight: 400; font-size: x-large;\"><strong> r\u00e9sultat<\/strong>, en employant <strong>toutes vos facult\u00e9s<\/strong>.<\/span><\/h5>\n<h5><span style=\"font-weight: 400; font-size: x-large;\">Je suis <strong>engag\u00e9 \u00e0 vos c\u00f4t\u00e9s pour vous aider aussi \u00e0 d\u00e9velopper vos collaborateurs<\/strong> !<\/span><\/h5>\n<p>[\/et_pb_text][\/et_pb_column][\/et_pb_row][\/et_pb_section][et_pb_section fb_built=\u00a0\u00bb1&Prime; _builder_version=\u00a0\u00bb4.7.7&Prime; _module_preset=\u00a0\u00bbdefault\u00a0\u00bb background_color=\u00a0\u00bb#474747&Prime; custom_margin=\u00a0\u00bb-87px|||||\u00a0\u00bb][et_pb_row _builder_version=\u00a0\u00bb4.7.7&Prime; _module_preset=\u00a0\u00bbdefault\u00a0\u00bb custom_padding=\u00a0\u00bb32px||10px|||\u00a0\u00bb][et_pb_column type=\u00a0\u00bb4_4&Prime; _builder_version=\u00a0\u00bb4.7.7&Prime; _module_preset=\u00a0\u00bbdefault\u00a0\u00bb][et_pb_text _builder_version=\u00a0\u00bb4.7.7&Prime; _module_preset=\u00a0\u00bbdefault\u00a0\u00bb text_font_size=\u00a0\u00bb19px\u00a0\u00bb transform_scale=\u00a0\u00bb252%|252%\u00a0\u00bb text_orientation=\u00a0\u00bbcenter\u00a0\u00bb background_layout=\u00a0\u00bbdark\u00a0\u00bb custom_margin=\u00a0\u00bb5px|||||\u00a0\u00bb hover_enabled=\u00a0\u00bb0&Prime; text_text_shadow_style=\u00a0\u00bbnone\u00a0\u00bb sticky_enabled=\u00a0\u00bb0&Prime;]<\/p>\n<p style=\"text-align: center;\"><strong>MES VALEURS<\/strong><\/p>\n<p>[\/et_pb_text][\/et_pb_column][\/et_pb_row][et_pb_row column_structure=\u00a0\u00bb1_3,1_3,1_3&Prime; _builder_version=\u00a0\u00bb4.7.7&Prime; _module_preset=\u00a0\u00bbdefault\u00a0\u00bb background_color=\u00a0\u00bb#00208a\u00a0\u00bb transform_scale=\u00a0\u00bb110%|110%\u00a0\u00bb custom_margin=\u00a0\u00bb55px|auto|-28px|auto||\u00a0\u00bb custom_padding=\u00a0\u00bb40px|23px||28px||\u00a0\u00bb border_radii=\u00a0\u00bbon|34px|34px|34px|34px\u00a0\u00bb box_shadow_style=\u00a0\u00bbpreset1&Prime;][et_pb_column type=\u00a0\u00bb1_3&Prime; _builder_version=\u00a0\u00bb4.7.7&Prime; _module_preset=\u00a0\u00bbdefault\u00a0\u00bb][et_pb_text _builder_version=\u00a0\u00bb4.7.7&Prime; _module_preset=\u00a0\u00bbdefault\u00a0\u00bb text_font=\u00a0\u00bbMontserrat|700|||||||\u00a0\u00bb background_layout=\u00a0\u00bbdark\u00a0\u00bb text_text_shadow_style=\u00a0\u00bbnone\u00a0\u00bb]<\/p>\n<h4 style=\"text-align: center;\"><strong>ENGAGEMENT<\/strong><\/h4>\n<p>[\/et_pb_text][et_pb_text _builder_version=\u00a0\u00bb4.7.7&Prime; _module_preset=\u00a0\u00bbdefault\u00a0\u00bb text_letter_spacing=\u00a0\u00bb2px\u00a0\u00bb background_layout=\u00a0\u00bbdark\u00a0\u00bb text_text_shadow_style=\u00a0\u00bbnone\u00a0\u00bb]<\/p>\n<h4 style=\"text-align: center;\"><span style=\"font-weight: 400;\">Engag\u00e9 avec vous pour la r\u00e9ussite de vos\u00a0objectifs, je mets toute\u00a0mon exp\u00e9rience, mes\u00a0r\u00e9alisations et ma\u00a0disponibilit\u00e9 \u00e0 votre\u00a0service.<\/span><\/h4>\n<p>[\/et_pb_text][\/et_pb_column][et_pb_column type=\u00a0\u00bb1_3&Prime; _builder_version=\u00a0\u00bb4.7.7&Prime; _module_preset=\u00a0\u00bbdefault\u00a0\u00bb][et_pb_text _builder_version=\u00a0\u00bb4.7.7&Prime; _module_preset=\u00a0\u00bbdefault\u00a0\u00bb text_font=\u00a0\u00bbMontserrat|700|||||||\u00a0\u00bb background_layout=\u00a0\u00bbdark\u00a0\u00bb text_text_shadow_style=\u00a0\u00bbnone\u00a0\u00bb]<\/p>\n<h4 style=\"text-align: center;\"><strong>EMPATHIE<\/strong><\/h4>\n<p>[\/et_pb_text][et_pb_text _builder_version=\u00a0\u00bb4.7.7&Prime; _module_preset=\u00a0\u00bbdefault\u00a0\u00bb text_letter_spacing=\u00a0\u00bb2px\u00a0\u00bb background_layout=\u00a0\u00bbdark\u00a0\u00bb text_text_shadow_style=\u00a0\u00bbnone\u00a0\u00bb]<\/p>\n<h4 style=\"text-align: center;\"><span style=\"font-weight: 400;\">Dans l\u2019accompagnement\u00a0<\/span><span style=\"font-weight: 400;\">que je r\u00e9alise, remplir les conditions de cette valeur essentielle est un savoir-faire\u00a0et un savoir-\u00eatre exceptionnel.\u00a0J\u2019excelle dans cette qualit\u00e9 qui\u00a0est aussi ma valeur prioritaire.<\/span><\/h4>\n<p>[\/et_pb_text][\/et_pb_column][et_pb_column type=\u00a0\u00bb1_3&Prime; _builder_version=\u00a0\u00bb4.7.7&Prime; _module_preset=\u00a0\u00bbdefault\u00a0\u00bb][et_pb_text _builder_version=\u00a0\u00bb4.7.7&Prime; _module_preset=\u00a0\u00bbdefault\u00a0\u00bb text_font=\u00a0\u00bbMontserrat|700|||||||\u00a0\u00bb background_layout=\u00a0\u00bbdark\u00a0\u00bb text_text_shadow_style=\u00a0\u00bbnone\u00a0\u00bb]<\/p>\n<h4 style=\"text-align: center;\"><strong>CONFIANCE<\/strong><\/h4>\n<p>[\/et_pb_text][et_pb_text _builder_version=\u00a0\u00bb4.7.7&Prime; _module_preset=\u00a0\u00bbdefault\u00a0\u00bb text_letter_spacing=\u00a0\u00bb2px\u00a0\u00bb background_layout=\u00a0\u00bbdark\u00a0\u00bb text_text_shadow_style=\u00a0\u00bbnone\u00a0\u00bb]<\/p>\n<h4 style=\"text-align: center;\"><span style=\"font-weight: 400;\">La confiance est une valeur\u00a0\u00a0qui se partage. Soyez assur\u00e9s \u00a0de la trouver en moi tant\u00a0du point de vue personnel\u00a0que professionnel. Ce qui signifie \u00e9thique, confidentialit\u00e9, et bienveillance.<\/span><\/h4>\n<p>[\/et_pb_text][\/et_pb_column][\/et_pb_row][\/et_pb_section][et_pb_section fb_built=\u00a0\u00bb1&Prime; _builder_version=\u00a0\u00bb4.7.7&Prime; _module_preset=\u00a0\u00bbdefault\u00a0\u00bb background_color=\u00a0\u00bb#474747&Prime; min_height=\u00a0\u00bb519.3px\u00a0\u00bb custom_margin=\u00a0\u00bb-4px|||||\u00a0\u00bb][et_pb_row _builder_version=\u00a0\u00bb4.7.7&Prime; _module_preset=\u00a0\u00bbdefault\u00a0\u00bb custom_padding=\u00a0\u00bb32px||10px|||\u00a0\u00bb hover_enabled=\u00a0\u00bb0&Prime; sticky_enabled=\u00a0\u00bb0&Prime;][et_pb_column type=\u00a0\u00bb4_4&Prime; _builder_version=\u00a0\u00bb4.7.7&Prime; _module_preset=\u00a0\u00bbdefault\u00a0\u00bb][et_pb_text _builder_version=\u00a0\u00bb4.7.7&Prime; _module_preset=\u00a0\u00bbdefault\u00a0\u00bb text_font_size=\u00a0\u00bb38px\u00a0\u00bb header_font_size=\u00a0\u00bb20px\u00a0\u00bb header_3_font_size=\u00a0\u00bb38px\u00a0\u00bb transform_scale=\u00a0\u00bb252%|252%\u00a0\u00bb text_orientation=\u00a0\u00bbcenter\u00a0\u00bb background_layout=\u00a0\u00bbdark\u00a0\u00bb width=\u00a0\u00bb100%\u00a0\u00bb max_width=\u00a0\u00bb100%\u00a0\u00bb custom_margin=\u00a0\u00bb5px||-46px||false|false\u00a0\u00bb hover_enabled=\u00a0\u00bb0&Prime; text_text_shadow_style=\u00a0\u00bbnone\u00a0\u00bb sticky_enabled=\u00a0\u00bb0&Prime;]<\/p>\n<h1 style=\"text-align: center;\"><strong>MA D\u00c9FINITION DU COACHING<\/strong><\/h1>\n<p>[\/et_pb_text][\/et_pb_column][\/et_pb_row][et_pb_row _builder_version=\u00a0\u00bb4.7.7&Prime; _module_preset=\u00a0\u00bbdefault\u00a0\u00bb background_color=\u00a0\u00bb#00208a\u00a0\u00bb transform_scale=\u00a0\u00bb80%|80%\u00a0\u00bb min_height=\u00a0\u00bb922px\u00a0\u00bb custom_margin=\u00a0\u00bb10px|auto|-28px|auto||\u00a0\u00bb custom_padding=\u00a0\u00bb1px|23px||28px||\u00a0\u00bb border_radii=\u00a0\u00bbon|34px|34px|34px|34px\u00a0\u00bb box_shadow_style=\u00a0\u00bbpreset1&Prime;][et_pb_column type=\u00a0\u00bb4_4&Prime; _builder_version=\u00a0\u00bb4.7.7&Prime; _module_preset=\u00a0\u00bbdefault\u00a0\u00bb][et_pb_image src=\u00a0\u00bbhttps:\/\/bp-businesscoach.com\/wp-content\/uploads\/2021\/01\/nuage-de-mot.png\u00a0\u00bb title_text=\u00a0\u00bbnuage de mot\u00a0\u00bb _builder_version=\u00a0\u00bb4.7.7&Prime; _module_preset=\u00a0\u00bbdefault\u00a0\u00bb transform_scale=\u00a0\u00bb78%|78%\u00a0\u00bb][\/et_pb_image][\/et_pb_column][\/et_pb_row][\/et_pb_section][et_pb_section fb_built=\u00a0\u00bb1&Prime; _builder_version=\u00a0\u00bb4.7.7&Prime; _module_preset=\u00a0\u00bbdefault\u00a0\u00bb background_color=\u00a0\u00bb#474747&Prime; custom_padding=\u00a0\u00bb76px|||||\u00a0\u00bb][et_pb_row _builder_version=\u00a0\u00bb4.7.7&Prime; _module_preset=\u00a0\u00bbdefault\u00a0\u00bb][et_pb_column type=\u00a0\u00bb4_4&Prime; _builder_version=\u00a0\u00bb4.7.7&Prime; _module_preset=\u00a0\u00bbdefault\u00a0\u00bb][\/et_pb_column][\/et_pb_row][\/et_pb_section]<\/p>\n","protected":false},"excerpt":{"rendered":"<p>Pour se projeter, il faut se connaitre. Il est donc venu, le temps des pr\u00e9sentations.MON PARCOURS PROFESSIONNELS Mon parcours professionnel de vingt et une ann\u00e9es dans diff\u00e9rentes enseignes internationales de la distribution t\u00e9moigne de mes performances r\u00e9alis\u00e9es avec les \u00e9quipes et pour les \u00e9quipes. Je ma\u00eetrise le management et l\u2019accompagnement d\u2019\u00e9quipes cadres et non cadres [&hellip;]<\/p>\n","protected":false},"author":1,"featured_media":0,"parent":0,"menu_order":0,"comment_status":"closed","ping_status":"closed","template":"","meta":{"_et_pb_use_builder":"on","_et_pb_old_content":"","_et_gb_content_width":"","footnotes":""},"class_list":["post-330","page","type-page","status-publish","hentry"],"yoast_head":"<!-- This site is optimized with the Yoast SEO plugin v24.9 - https:\/\/yoast.com\/wordpress\/plugins\/seo\/ -->\n<title>\u00c0 propos - Bruno Prouti\u00e8re Business Coach<\/title>\n<meta name=\"robots\" content=\"index, follow, max-snippet:-1, max-image-preview:large, max-video-preview:-1\" \/>\n<link rel=\"canonical\" href=\"https:\/\/bp-businesscoach.com\/index.php\/a-propos\/\" \/>\n<meta property=\"og:locale\" content=\"fr_FR\" \/>\n<meta property=\"og:type\" content=\"article\" \/>\n<meta property=\"og:title\" content=\"\u00c0 propos - Bruno Prouti\u00e8re Business Coach\" \/>\n<meta property=\"og:description\" content=\"Pour se projeter, il faut se connaitre. Il est donc venu, le temps des pr\u00e9sentations.MON PARCOURS PROFESSIONNELS Mon parcours professionnel de vingt et une ann\u00e9es dans diff\u00e9rentes enseignes internationales de la distribution t\u00e9moigne de mes performances r\u00e9alis\u00e9es avec les \u00e9quipes et pour les \u00e9quipes. Je ma\u00eetrise le management et l\u2019accompagnement d\u2019\u00e9quipes cadres et non cadres [&hellip;]\" \/>\n<meta property=\"og:url\" content=\"https:\/\/bp-businesscoach.com\/index.php\/a-propos\/\" \/>\n<meta property=\"og:site_name\" content=\"Bruno Prouti\u00e8re Business Coach\" \/>\n<meta property=\"article:modified_time\" content=\"2021-04-06T14:37:15+00:00\" \/>\n<meta name=\"twitter:card\" content=\"summary_large_image\" \/>\n<meta name=\"twitter:label1\" content=\"Dur\u00e9e de lecture estim\u00e9e\" \/>\n\t<meta name=\"twitter:data1\" content=\"7 minutes\" \/>\n<script type=\"application\/ld+json\" class=\"yoast-schema-graph\">{\"@context\":\"https:\/\/schema.org\",\"@graph\":[{\"@type\":\"WebPage\",\"@id\":\"https:\/\/bp-businesscoach.com\/index.php\/a-propos\/\",\"url\":\"https:\/\/bp-businesscoach.com\/index.php\/a-propos\/\",\"name\":\"\u00c0 propos - Bruno Prouti\u00e8re Business Coach\",\"isPartOf\":{\"@id\":\"https:\/\/bp-businesscoach.com\/#website\"},\"datePublished\":\"2020-12-30T21:33:58+00:00\",\"dateModified\":\"2021-04-06T14:37:15+00:00\",\"breadcrumb\":{\"@id\":\"https:\/\/bp-businesscoach.com\/index.php\/a-propos\/#breadcrumb\"},\"inLanguage\":\"fr-FR\",\"potentialAction\":[{\"@type\":\"ReadAction\",\"target\":[\"https:\/\/bp-businesscoach.com\/index.php\/a-propos\/\"]}]},{\"@type\":\"BreadcrumbList\",\"@id\":\"https:\/\/bp-businesscoach.com\/index.php\/a-propos\/#breadcrumb\",\"itemListElement\":[{\"@type\":\"ListItem\",\"position\":1,\"name\":\"Accueil\",\"item\":\"https:\/\/bp-businesscoach.com\/\"},{\"@type\":\"ListItem\",\"position\":2,\"name\":\"\u00c0 propos\"}]},{\"@type\":\"WebSite\",\"@id\":\"https:\/\/bp-businesscoach.com\/#website\",\"url\":\"https:\/\/bp-businesscoach.com\/\",\"name\":\"Bruno Prouti\u00e8re Business Coach\",\"description\":\"Accompagner les entrepreneurs dans leur \u00e9panouissement professionnels pour les aider \u00e0 booster leur business.\",\"potentialAction\":[{\"@type\":\"SearchAction\",\"target\":{\"@type\":\"EntryPoint\",\"urlTemplate\":\"https:\/\/bp-businesscoach.com\/?s={search_term_string}\"},\"query-input\":{\"@type\":\"PropertyValueSpecification\",\"valueRequired\":true,\"valueName\":\"search_term_string\"}}],\"inLanguage\":\"fr-FR\"}]}<\/script>\n<!-- \/ Yoast SEO plugin. -->","yoast_head_json":{"title":"\u00c0 propos - Bruno Prouti\u00e8re Business Coach","robots":{"index":"index","follow":"follow","max-snippet":"max-snippet:-1","max-image-preview":"max-image-preview:large","max-video-preview":"max-video-preview:-1"},"canonical":"https:\/\/bp-businesscoach.com\/index.php\/a-propos\/","og_locale":"fr_FR","og_type":"article","og_title":"\u00c0 propos - Bruno Prouti\u00e8re Business Coach","og_description":"Pour se projeter, il faut se connaitre. Il est donc venu, le temps des pr\u00e9sentations.MON PARCOURS PROFESSIONNELS Mon parcours professionnel de vingt et une ann\u00e9es dans diff\u00e9rentes enseignes internationales de la distribution t\u00e9moigne de mes performances r\u00e9alis\u00e9es avec les \u00e9quipes et pour les \u00e9quipes. Je ma\u00eetrise le management et l\u2019accompagnement d\u2019\u00e9quipes cadres et non cadres [&hellip;]","og_url":"https:\/\/bp-businesscoach.com\/index.php\/a-propos\/","og_site_name":"Bruno Prouti\u00e8re Business Coach","article_modified_time":"2021-04-06T14:37:15+00:00","twitter_card":"summary_large_image","twitter_misc":{"Dur\u00e9e de lecture estim\u00e9e":"7 minutes"},"schema":{"@context":"https:\/\/schema.org","@graph":[{"@type":"WebPage","@id":"https:\/\/bp-businesscoach.com\/index.php\/a-propos\/","url":"https:\/\/bp-businesscoach.com\/index.php\/a-propos\/","name":"\u00c0 propos - Bruno Prouti\u00e8re Business Coach","isPartOf":{"@id":"https:\/\/bp-businesscoach.com\/#website"},"datePublished":"2020-12-30T21:33:58+00:00","dateModified":"2021-04-06T14:37:15+00:00","breadcrumb":{"@id":"https:\/\/bp-businesscoach.com\/index.php\/a-propos\/#breadcrumb"},"inLanguage":"fr-FR","potentialAction":[{"@type":"ReadAction","target":["https:\/\/bp-businesscoach.com\/index.php\/a-propos\/"]}]},{"@type":"BreadcrumbList","@id":"https:\/\/bp-businesscoach.com\/index.php\/a-propos\/#breadcrumb","itemListElement":[{"@type":"ListItem","position":1,"name":"Accueil","item":"https:\/\/bp-businesscoach.com\/"},{"@type":"ListItem","position":2,"name":"\u00c0 propos"}]},{"@type":"WebSite","@id":"https:\/\/bp-businesscoach.com\/#website","url":"https:\/\/bp-businesscoach.com\/","name":"Bruno Prouti\u00e8re Business Coach","description":"Accompagner les entrepreneurs dans leur \u00e9panouissement professionnels pour les aider \u00e0 booster leur business.","potentialAction":[{"@type":"SearchAction","target":{"@type":"EntryPoint","urlTemplate":"https:\/\/bp-businesscoach.com\/?s={search_term_string}"},"query-input":{"@type":"PropertyValueSpecification","valueRequired":true,"valueName":"search_term_string"}}],"inLanguage":"fr-FR"}]}},"_links":{"self":[{"href":"https:\/\/bp-businesscoach.com\/index.php\/wp-json\/wp\/v2\/pages\/330","targetHints":{"allow":["GET"]}}],"collection":[{"href":"https:\/\/bp-businesscoach.com\/index.php\/wp-json\/wp\/v2\/pages"}],"about":[{"href":"https:\/\/bp-businesscoach.com\/index.php\/wp-json\/wp\/v2\/types\/page"}],"author":[{"embeddable":true,"href":"https:\/\/bp-businesscoach.com\/index.php\/wp-json\/wp\/v2\/users\/1"}],"replies":[{"embeddable":true,"href":"https:\/\/bp-businesscoach.com\/index.php\/wp-json\/wp\/v2\/comments?post=330"}],"version-history":[{"count":19,"href":"https:\/\/bp-businesscoach.com\/index.php\/wp-json\/wp\/v2\/pages\/330\/revisions"}],"predecessor-version":[{"id":602,"href":"https:\/\/bp-businesscoach.com\/index.php\/wp-json\/wp\/v2\/pages\/330\/revisions\/602"}],"wp:attachment":[{"href":"https:\/\/bp-businesscoach.com\/index.php\/wp-json\/wp\/v2\/media?parent=330"}],"curies":[{"name":"wp","href":"https:\/\/api.w.org\/{rel}","templated":true}]}}