{"id":421,"date":"2021-02-25T09:28:10","date_gmt":"2021-02-25T08:28:10","guid":{"rendered":"https:\/\/bp-businesscoach.com\/index.php\/mon-compte\/"},"modified":"2021-03-08T14:17:40","modified_gmt":"2021-03-08T13:17:40","slug":"mon-compte","status":"publish","type":"page","link":"https:\/\/bp-businesscoach.com\/index.php\/mon-compte\/","title":{"rendered":"Mon compte"},"content":{"rendered":"\n[et_pb_section][et_pb_row][et_pb_column type=\u00a0\u00bb4_4&Prime;][et_pb_text]<!-- divi:shortcode -->\n<div class=\"woocommerce\"><\/div>\n<!-- \/divi:shortcode -->[\/et_pb_text][\/et_pb_column][\/et_pb_row][\/et_pb_section]\n","protected":false},"excerpt":{"rendered":"<p><div class=\"et_pb_section et_pb_section_0 et_section_regular\" >\n\t\t\t\t\n\t\t\t\t\n\t\t\t\t\n\t\t\t\t\n\t\t\t\t\n\t\t\t\t\n\t\t\t\t\n\t\t\t\t\n\t\t\t\t\n\t\t\t<\/div><div class=\"et_pb_row et_pb_row_0 et_pb_row_empty\">\n\t\t\t\t\n\t\t\t\t\n\t\t\t\t\n\t\t\t\t\n\t\t\t\t\n\t\t\t<\/div><div class=\"et_pb_module et_pb_text et_pb_text_0  et_pb_text_align_left et_pb_bg_layout_light\">\n\t\t\t\t\n\t\t\t\t\n\t\t\t\t\n\t\t\t\t\n\t\t\t\t\n\t\t\t<\/div> <div class=\"woocommerce\"><\/div><\/p>\n","protected":false},"author":1,"featured_media":0,"parent":0,"menu_order":0,"comment_status":"closed","ping_status":"closed","template":"","meta":{"_et_pb_use_builder":"on","_et_pb_old_content":"<!-- wp:shortcode -->\n[woocommerce_my_account]\n<!-- \/wp:shortcode -->","_et_gb_content_width":"","footnotes":""},"class_list":["post-421","page","type-page","status-publish","hentry"],"yoast_head":"<!-- This site is optimized with the Yoast SEO plugin v24.9 - https:\/\/yoast.com\/wordpress\/plugins\/seo\/ -->\n<title>Mon compte - Bruno Prouti\u00e8re Business Coach<\/title>\n<meta name=\"robots\" content=\"index, follow, max-snippet:-1, max-image-preview:large, max-video-preview:-1\" \/>\n<link rel=\"canonical\" href=\"https:\/\/bp-businesscoach.com\/index.php\/mon-compte\/\" \/>\n<meta property=\"og:locale\" content=\"fr_FR\" \/>\n<meta property=\"og:type\" content=\"article\" \/>\n<meta property=\"og:title\" content=\"Mon compte - Bruno Prouti\u00e8re Business Coach\" \/>\n<meta property=\"og:url\" content=\"https:\/\/bp-businesscoach.com\/index.php\/mon-compte\/\" \/>\n<meta property=\"og:site_name\" content=\"Bruno Prouti\u00e8re Business Coach\" \/>\n<meta property=\"article:modified_time\" content=\"2021-03-08T13:17:40+00:00\" \/>\n<meta name=\"twitter:card\" content=\"summary_large_image\" \/>\n<meta name=\"twitter:label1\" content=\"Dur\u00e9e de lecture estim\u00e9e\" \/>\n\t<meta name=\"twitter:data1\" content=\"1 minute\" \/>\n<script type=\"application\/ld+json\" class=\"yoast-schema-graph\">{\"@context\":\"https:\/\/schema.org\",\"@graph\":[{\"@type\":\"WebPage\",\"@id\":\"https:\/\/bp-businesscoach.com\/index.php\/mon-compte\/\",\"url\":\"https:\/\/bp-businesscoach.com\/index.php\/mon-compte\/\",\"name\":\"Mon compte - Bruno Prouti\u00e8re Business Coach\",\"isPartOf\":{\"@id\":\"https:\/\/bp-businesscoach.com\/#website\"},\"datePublished\":\"2021-02-25T08:28:10+00:00\",\"dateModified\":\"2021-03-08T13:17:40+00:00\",\"breadcrumb\":{\"@id\":\"https:\/\/bp-businesscoach.com\/index.php\/mon-compte\/#breadcrumb\"},\"inLanguage\":\"fr-FR\",\"potentialAction\":[{\"@type\":\"ReadAction\",\"target\":[\"https:\/\/bp-businesscoach.com\/index.php\/mon-compte\/\"]}]},{\"@type\":\"BreadcrumbList\",\"@id\":\"https:\/\/bp-businesscoach.com\/index.php\/mon-compte\/#breadcrumb\",\"itemListElement\":[{\"@type\":\"ListItem\",\"position\":1,\"name\":\"Accueil\",\"item\":\"https:\/\/bp-businesscoach.com\/\"},{\"@type\":\"ListItem\",\"position\":2,\"name\":\"Mon compte\"}]},{\"@type\":\"WebSite\",\"@id\":\"https:\/\/bp-businesscoach.com\/#website\",\"url\":\"https:\/\/bp-businesscoach.com\/\",\"name\":\"Bruno Prouti\u00e8re Business Coach\",\"description\":\"Accompagner les entrepreneurs dans leur \u00e9panouissement professionnels pour les aider \u00e0 booster leur business.\",\"potentialAction\":[{\"@type\":\"SearchAction\",\"target\":{\"@type\":\"EntryPoint\",\"urlTemplate\":\"https:\/\/bp-businesscoach.com\/?s={search_term_string}\"},\"query-input\":{\"@type\":\"PropertyValueSpecification\",\"valueRequired\":true,\"valueName\":\"search_term_string\"}}],\"inLanguage\":\"fr-FR\"}]}<\/script>\n<!-- \/ Yoast SEO plugin. -->","yoast_head_json":{"title":"Mon compte - Bruno Prouti\u00e8re Business Coach","robots":{"index":"index","follow":"follow","max-snippet":"max-snippet:-1","max-image-preview":"max-image-preview:large","max-video-preview":"max-video-preview:-1"},"canonical":"https:\/\/bp-businesscoach.com\/index.php\/mon-compte\/","og_locale":"fr_FR","og_type":"article","og_title":"Mon compte - Bruno Prouti\u00e8re Business Coach","og_url":"https:\/\/bp-businesscoach.com\/index.php\/mon-compte\/","og_site_name":"Bruno Prouti\u00e8re Business Coach","article_modified_time":"2021-03-08T13:17:40+00:00","twitter_card":"summary_large_image","twitter_misc":{"Dur\u00e9e de lecture estim\u00e9e":"1 minute"},"schema":{"@context":"https:\/\/schema.org","@graph":[{"@type":"WebPage","@id":"https:\/\/bp-businesscoach.com\/index.php\/mon-compte\/","url":"https:\/\/bp-businesscoach.com\/index.php\/mon-compte\/","name":"Mon compte - Bruno Prouti\u00e8re Business Coach","isPartOf":{"@id":"https:\/\/bp-businesscoach.com\/#website"},"datePublished":"2021-02-25T08:28:10+00:00","dateModified":"2021-03-08T13:17:40+00:00","breadcrumb":{"@id":"https:\/\/bp-businesscoach.com\/index.php\/mon-compte\/#breadcrumb"},"inLanguage":"fr-FR","potentialAction":[{"@type":"ReadAction","target":["https:\/\/bp-businesscoach.com\/index.php\/mon-compte\/"]}]},{"@type":"BreadcrumbList","@id":"https:\/\/bp-businesscoach.com\/index.php\/mon-compte\/#breadcrumb","itemListElement":[{"@type":"ListItem","position":1,"name":"Accueil","item":"https:\/\/bp-businesscoach.com\/"},{"@type":"ListItem","position":2,"name":"Mon compte"}]},{"@type":"WebSite","@id":"https:\/\/bp-businesscoach.com\/#website","url":"https:\/\/bp-businesscoach.com\/","name":"Bruno Prouti\u00e8re Business Coach","description":"Accompagner les entrepreneurs dans leur \u00e9panouissement professionnels pour les aider \u00e0 booster leur business.","potentialAction":[{"@type":"SearchAction","target":{"@type":"EntryPoint","urlTemplate":"https:\/\/bp-businesscoach.com\/?s={search_term_string}"},"query-input":{"@type":"PropertyValueSpecification","valueRequired":true,"valueName":"search_term_string"}}],"inLanguage":"fr-FR"}]}},"_links":{"self":[{"href":"https:\/\/bp-businesscoach.com\/index.php\/wp-json\/wp\/v2\/pages\/421","targetHints":{"allow":["GET"]}}],"collection":[{"href":"https:\/\/bp-businesscoach.com\/index.php\/wp-json\/wp\/v2\/pages"}],"about":[{"href":"https:\/\/bp-businesscoach.com\/index.php\/wp-json\/wp\/v2\/types\/page"}],"author":[{"embeddable":true,"href":"https:\/\/bp-businesscoach.com\/index.php\/wp-json\/wp\/v2\/users\/1"}],"replies":[{"embeddable":true,"href":"https:\/\/bp-businesscoach.com\/index.php\/wp-json\/wp\/v2\/comments?post=421"}],"version-history":[{"count":1,"href":"https:\/\/bp-businesscoach.com\/index.php\/wp-json\/wp\/v2\/pages\/421\/revisions"}],"predecessor-version":[{"id":463,"href":"https:\/\/bp-businesscoach.com\/index.php\/wp-json\/wp\/v2\/pages\/421\/revisions\/463"}],"wp:attachment":[{"href":"https:\/\/bp-businesscoach.com\/index.php\/wp-json\/wp\/v2\/media?parent=421"}],"curies":[{"name":"wp","href":"https:\/\/api.w.org\/{rel}","templated":true}]}}