{"id":59,"date":"2020-12-26T15:36:40","date_gmt":"2020-12-26T14:36:40","guid":{"rendered":"https:\/\/bp-businesscoach.com\/?page_id=59"},"modified":"2023-08-09T18:37:11","modified_gmt":"2023-08-09T16:37:11","slug":"accueil","status":"publish","type":"page","link":"https:\/\/bp-businesscoach.com\/","title":{"rendered":"Accueil"},"content":{"rendered":"<p>[et_pb_section fb_built=\u00a0\u00bb1&Prime; _builder_version=\u00a0\u00bb4.21.2&Prime; _module_preset=\u00a0\u00bbdefault\u00a0\u00bb min_height=\u00a0\u00bb851px\u00a0\u00bb global_colors_info=\u00a0\u00bb{}\u00a0\u00bb][et_pb_row column_structure=\u00a0\u00bb2_3,1_3&Prime; _builder_version=\u00a0\u00bb4.21.2&Prime; _module_preset=\u00a0\u00bbdefault\u00a0\u00bb min_height=\u00a0\u00bb456px\u00a0\u00bb global_colors_info=\u00a0\u00bb{}\u00a0\u00bb][et_pb_column type=\u00a0\u00bb2_3&Prime; _builder_version=\u00a0\u00bb4.21.2&Prime; _module_preset=\u00a0\u00bbdefault\u00a0\u00bb global_colors_info=\u00a0\u00bb{}\u00a0\u00bb][et_pb_video src=\u00a0\u00bbhttps:\/\/bp-businesscoach.com\/wp-content\/uploads\/2023\/08\/220DA5AD-ADE4-499A-BED6-0238F27C9B67.mp4&Prime; _builder_version=\u00a0\u00bb4.21.2&Prime; _module_preset=\u00a0\u00bbdefault\u00a0\u00bb min_height=\u00a0\u00bb395px\u00a0\u00bb global_colors_info=\u00a0\u00bb{}\u00a0\u00bb][\/et_pb_video][\/et_pb_column][et_pb_column type=\u00a0\u00bb1_3&Prime; _builder_version=\u00a0\u00bb4.21.2&Prime; _module_preset=\u00a0\u00bbdefault\u00a0\u00bb global_colors_info=\u00a0\u00bb{}\u00a0\u00bb][et_pb_team_member name=\u00a0\u00bbBruno Prouti\u00e8re\u00a0\u00bb image_url=\u00a0\u00bbhttps:\/\/bp-businesscoach.com\/wp-content\/uploads\/2023\/08\/IMG_4318-scaled.jpeg\u00a0\u00bb position=\u00a0\u00bbBusiness Coach\u00a0\u00bb _builder_version=\u00a0\u00bb4.21.2&Prime; _module_preset=\u00a0\u00bbdefault\u00a0\u00bb title_text=\u00a0\u00bbIMG_4318&Prime; hover_enabled=\u00a0\u00bb0&Prime; sticky_enabled=\u00a0\u00bb0&Prime;][\/et_pb_team_member][\/et_pb_column][\/et_pb_row][et_pb_row _builder_version=\u00a0\u00bb4.21.2&Prime; _module_preset=\u00a0\u00bbdefault\u00a0\u00bb global_colors_info=\u00a0\u00bb{}\u00a0\u00bb][et_pb_column type=\u00a0\u00bb4_4&Prime; _builder_version=\u00a0\u00bb4.21.2&Prime; _module_preset=\u00a0\u00bbdefault\u00a0\u00bb global_colors_info=\u00a0\u00bb{}\u00a0\u00bb][et_pb_text _builder_version=\u00a0\u00bb4.21.2&Prime; _module_preset=\u00a0\u00bbdefault\u00a0\u00bb background_color=\u00a0\u00bb#0C71C3&Prime; global_colors_info=\u00a0\u00bb{}\u00a0\u00bb]<\/p>\n<p style=\"font-weight: 400; text-align: center;\">REUSSIR VOS OBJECTIFS &#8211; PERFORMER &#8211; ETRE EPANOUI<\/p>\n<p style=\"font-weight: 400; text-align: center;\">Expert de la communication, du management et de la vente, je vous accompagne pour atteindre 100% de vos objectifs.<\/p>\n<p style=\"font-weight: 400; text-align: center;\">A partir de vos talents nous d\u00e9velopperons une \u00e9nergie positive puissante avec vous et autour de vous !<\/p>\n<p>[\/et_pb_text][\/et_pb_column][\/et_pb_row][\/et_pb_section]<\/p>\n","protected":false},"excerpt":{"rendered":"<p>REUSSIR VOS OBJECTIFS &#8211; PERFORMER &#8211; ETRE EPANOUI<\/p>\n<p>Expert de la communication, du management et de la vente, je vous accompagne pour atteindre 100% de vos objectifs.<br \/>\nA partir de vos talents nous d\u00e9velopperons une \u00e9nergie positive puissante avec vous et autour de vous !<\/p>\n","protected":false},"author":1,"featured_media":651,"parent":0,"menu_order":0,"comment_status":"closed","ping_status":"closed","template":"","meta":{"_et_pb_use_builder":"on","_et_pb_old_content":"[et_pb_section fb_built=\"1\" theme_builder_area=\"post_content\" _builder_version=\"4.21.0\" _module_preset=\"default\"][\/et_pb_section]","_et_gb_content_width":"","footnotes":""},"class_list":["post-59","page","type-page","status-publish","has-post-thumbnail","hentry"],"yoast_head":"<!-- This site is optimized with the Yoast SEO plugin v24.9 - https:\/\/yoast.com\/wordpress\/plugins\/seo\/ -->\n<title>Accueil - Bruno Prouti\u00e8re Business Coach %<\/title>\n<meta name=\"description\" content=\"REUSSIR VOS OBJECTIFS - PERFORMER - ETRE EPANOUIExpert de la communication, du management et de la vente, je vous accompagne pour atteindre 100% de vos objectifs.A partir de vos talents nous d\u00e9velopperons une \u00e9nergie positive puissante avec vous et autour de vous !\" \/>\n<meta name=\"robots\" content=\"index, follow, max-snippet:-1, max-image-preview:large, max-video-preview:-1\" \/>\n<link rel=\"canonical\" href=\"https:\/\/bp-businesscoach.com\/\" \/>\n<meta property=\"og:locale\" content=\"fr_FR\" \/>\n<meta property=\"og:type\" content=\"article\" \/>\n<meta property=\"og:title\" content=\"Accueil - Bruno Prouti\u00e8re Business Coach %\" \/>\n<meta property=\"og:description\" content=\"REUSSIR VOS OBJECTIFS - PERFORMER - ETRE EPANOUIExpert de la communication, du management et de la vente, je vous accompagne pour atteindre 100% de vos objectifs.A partir de vos talents nous d\u00e9velopperons une \u00e9nergie positive puissante avec vous et autour de vous !\" \/>\n<meta property=\"og:url\" content=\"https:\/\/bp-businesscoach.com\/\" \/>\n<meta property=\"og:site_name\" content=\"Bruno Prouti\u00e8re Business Coach\" \/>\n<meta property=\"article:modified_time\" content=\"2023-08-09T16:37:11+00:00\" \/>\n<meta property=\"og:image\" content=\"https:\/\/bp-businesscoach.com\/wp-content\/uploads\/2023\/06\/IMG_4318-scaled.jpeg\" \/>\n\t<meta property=\"og:image:width\" content=\"2160\" \/>\n\t<meta property=\"og:image:height\" content=\"2880\" \/>\n\t<meta property=\"og:image:type\" content=\"image\/jpeg\" \/>\n<meta name=\"twitter:card\" content=\"summary_large_image\" \/>\n<meta name=\"twitter:label1\" content=\"Dur\u00e9e de lecture estim\u00e9e\" \/>\n\t<meta name=\"twitter:data1\" content=\"2 minutes\" \/>\n<script type=\"application\/ld+json\" class=\"yoast-schema-graph\">{\"@context\":\"https:\/\/schema.org\",\"@graph\":[{\"@type\":\"WebPage\",\"@id\":\"https:\/\/bp-businesscoach.com\/\",\"url\":\"https:\/\/bp-businesscoach.com\/\",\"name\":\"Accueil - Bruno Prouti\u00e8re Business Coach %\",\"isPartOf\":{\"@id\":\"https:\/\/bp-businesscoach.com\/#website\"},\"primaryImageOfPage\":{\"@id\":\"https:\/\/bp-businesscoach.com\/#primaryimage\"},\"image\":{\"@id\":\"https:\/\/bp-businesscoach.com\/#primaryimage\"},\"thumbnailUrl\":\"https:\/\/bp-businesscoach.com\/wp-content\/uploads\/2023\/06\/IMG_4318-scaled.jpeg\",\"datePublished\":\"2020-12-26T14:36:40+00:00\",\"dateModified\":\"2023-08-09T16:37:11+00:00\",\"description\":\"REUSSIR VOS OBJECTIFS - PERFORMER - ETRE EPANOUIExpert de la communication, du management et de la vente, je vous accompagne pour atteindre 100% de vos objectifs.A partir de vos talents nous d\u00e9velopperons une \u00e9nergie positive puissante avec vous et autour de vous !\",\"breadcrumb\":{\"@id\":\"https:\/\/bp-businesscoach.com\/#breadcrumb\"},\"inLanguage\":\"fr-FR\",\"potentialAction\":[{\"@type\":\"ReadAction\",\"target\":[\"https:\/\/bp-businesscoach.com\/\"]}]},{\"@type\":\"ImageObject\",\"inLanguage\":\"fr-FR\",\"@id\":\"https:\/\/bp-businesscoach.com\/#primaryimage\",\"url\":\"https:\/\/bp-businesscoach.com\/wp-content\/uploads\/2023\/06\/IMG_4318-scaled.jpeg\",\"contentUrl\":\"https:\/\/bp-businesscoach.com\/wp-content\/uploads\/2023\/06\/IMG_4318-scaled.jpeg\",\"width\":2160,\"height\":2880},{\"@type\":\"BreadcrumbList\",\"@id\":\"https:\/\/bp-businesscoach.com\/#breadcrumb\",\"itemListElement\":[{\"@type\":\"ListItem\",\"position\":1,\"name\":\"Accueil\",\"item\":\"https:\/\/bp-businesscoach.com\/\"},{\"@type\":\"ListItem\",\"position\":2,\"name\":\"Accueil\"}]},{\"@type\":\"WebSite\",\"@id\":\"https:\/\/bp-businesscoach.com\/#website\",\"url\":\"https:\/\/bp-businesscoach.com\/\",\"name\":\"Bruno Prouti\u00e8re Business Coach\",\"description\":\"Accompagner les entrepreneurs dans leur \u00e9panouissement professionnels pour les aider \u00e0 booster leur business.\",\"potentialAction\":[{\"@type\":\"SearchAction\",\"target\":{\"@type\":\"EntryPoint\",\"urlTemplate\":\"https:\/\/bp-businesscoach.com\/?s={search_term_string}\"},\"query-input\":{\"@type\":\"PropertyValueSpecification\",\"valueRequired\":true,\"valueName\":\"search_term_string\"}}],\"inLanguage\":\"fr-FR\"}]}<\/script>\n<!-- \/ Yoast SEO plugin. -->","yoast_head_json":{"title":"Accueil - Bruno Prouti\u00e8re Business Coach %","description":"REUSSIR VOS OBJECTIFS - PERFORMER - ETRE EPANOUIExpert de la communication, du management et de la vente, je vous accompagne pour atteindre 100% de vos objectifs.A partir de vos talents nous d\u00e9velopperons une \u00e9nergie positive puissante avec vous et autour de vous !","robots":{"index":"index","follow":"follow","max-snippet":"max-snippet:-1","max-image-preview":"max-image-preview:large","max-video-preview":"max-video-preview:-1"},"canonical":"https:\/\/bp-businesscoach.com\/","og_locale":"fr_FR","og_type":"article","og_title":"Accueil - Bruno Prouti\u00e8re Business Coach %","og_description":"REUSSIR VOS OBJECTIFS - PERFORMER - ETRE EPANOUIExpert de la communication, du management et de la vente, je vous accompagne pour atteindre 100% de vos objectifs.A partir de vos talents nous d\u00e9velopperons une \u00e9nergie positive puissante avec vous et autour de vous !","og_url":"https:\/\/bp-businesscoach.com\/","og_site_name":"Bruno Prouti\u00e8re Business Coach","article_modified_time":"2023-08-09T16:37:11+00:00","og_image":[{"width":2160,"height":2880,"url":"https:\/\/bp-businesscoach.com\/wp-content\/uploads\/2023\/06\/IMG_4318-scaled.jpeg","type":"image\/jpeg"}],"twitter_card":"summary_large_image","twitter_misc":{"Dur\u00e9e de lecture estim\u00e9e":"2 minutes"},"schema":{"@context":"https:\/\/schema.org","@graph":[{"@type":"WebPage","@id":"https:\/\/bp-businesscoach.com\/","url":"https:\/\/bp-businesscoach.com\/","name":"Accueil - Bruno Prouti\u00e8re Business Coach %","isPartOf":{"@id":"https:\/\/bp-businesscoach.com\/#website"},"primaryImageOfPage":{"@id":"https:\/\/bp-businesscoach.com\/#primaryimage"},"image":{"@id":"https:\/\/bp-businesscoach.com\/#primaryimage"},"thumbnailUrl":"https:\/\/bp-businesscoach.com\/wp-content\/uploads\/2023\/06\/IMG_4318-scaled.jpeg","datePublished":"2020-12-26T14:36:40+00:00","dateModified":"2023-08-09T16:37:11+00:00","description":"REUSSIR VOS OBJECTIFS - PERFORMER - ETRE EPANOUIExpert de la communication, du management et de la vente, je vous accompagne pour atteindre 100% de vos objectifs.A partir de vos talents nous d\u00e9velopperons une \u00e9nergie positive puissante avec vous et autour de vous !","breadcrumb":{"@id":"https:\/\/bp-businesscoach.com\/#breadcrumb"},"inLanguage":"fr-FR","potentialAction":[{"@type":"ReadAction","target":["https:\/\/bp-businesscoach.com\/"]}]},{"@type":"ImageObject","inLanguage":"fr-FR","@id":"https:\/\/bp-businesscoach.com\/#primaryimage","url":"https:\/\/bp-businesscoach.com\/wp-content\/uploads\/2023\/06\/IMG_4318-scaled.jpeg","contentUrl":"https:\/\/bp-businesscoach.com\/wp-content\/uploads\/2023\/06\/IMG_4318-scaled.jpeg","width":2160,"height":2880},{"@type":"BreadcrumbList","@id":"https:\/\/bp-businesscoach.com\/#breadcrumb","itemListElement":[{"@type":"ListItem","position":1,"name":"Accueil","item":"https:\/\/bp-businesscoach.com\/"},{"@type":"ListItem","position":2,"name":"Accueil"}]},{"@type":"WebSite","@id":"https:\/\/bp-businesscoach.com\/#website","url":"https:\/\/bp-businesscoach.com\/","name":"Bruno Prouti\u00e8re Business Coach","description":"Accompagner les entrepreneurs dans leur \u00e9panouissement professionnels pour les aider \u00e0 booster leur business.","potentialAction":[{"@type":"SearchAction","target":{"@type":"EntryPoint","urlTemplate":"https:\/\/bp-businesscoach.com\/?s={search_term_string}"},"query-input":{"@type":"PropertyValueSpecification","valueRequired":true,"valueName":"search_term_string"}}],"inLanguage":"fr-FR"}]}},"_links":{"self":[{"href":"https:\/\/bp-businesscoach.com\/index.php\/wp-json\/wp\/v2\/pages\/59","targetHints":{"allow":["GET"]}}],"collection":[{"href":"https:\/\/bp-businesscoach.com\/index.php\/wp-json\/wp\/v2\/pages"}],"about":[{"href":"https:\/\/bp-businesscoach.com\/index.php\/wp-json\/wp\/v2\/types\/page"}],"author":[{"embeddable":true,"href":"https:\/\/bp-businesscoach.com\/index.php\/wp-json\/wp\/v2\/users\/1"}],"replies":[{"embeddable":true,"href":"https:\/\/bp-businesscoach.com\/index.php\/wp-json\/wp\/v2\/comments?post=59"}],"version-history":[{"count":98,"href":"https:\/\/bp-businesscoach.com\/index.php\/wp-json\/wp\/v2\/pages\/59\/revisions"}],"predecessor-version":[{"id":746,"href":"https:\/\/bp-businesscoach.com\/index.php\/wp-json\/wp\/v2\/pages\/59\/revisions\/746"}],"wp:featuredmedia":[{"embeddable":true,"href":"https:\/\/bp-businesscoach.com\/index.php\/wp-json\/wp\/v2\/media\/651"}],"wp:attachment":[{"href":"https:\/\/bp-businesscoach.com\/index.php\/wp-json\/wp\/v2\/media?parent=59"}],"curies":[{"name":"wp","href":"https:\/\/api.w.org\/{rel}","templated":true}]}}